-65 - -177. Calculate the greatest common divisor of 14 and c.
14
Let o(d) = -d**2 + 10*d + 6. Let c be o(5). Suppose -s + 0*s - 494 = -2*t, 5*s = 2*t - 486. What is the greatest common factor of c and t?
31
Let l be (-2)/(-9) - 439/(-9). Suppose -168 = s + 3*s. Let r be (-2)/3*s/4. Calculate the highest common divisor of r and l.
7
Let l(b) = -b**2 - b + 33. Let z be l(0). Suppose -z = -2*t + 5*n, 0 = -2*t - 3*t + 3*n + 54. What is the highest common factor of 81 and t?
9
Let c = 122 - 104. What is the highest common divisor of 162 and c?
18
Let h be 4/(-6) - (-17)/3. Suppose -2*m + 1 = -3*r - 1, 0 = r - m + 2. Suppose -23 - 41 = -r*q + h*b, q = b + 26. What is the highest common factor of q and 33?
11
Suppose -2*i - 2728 = -4*i. Let x be 6/21 - i/(-28). Calculate the greatest common factor of x and 7.
7
Suppose 24*a + 60 = 29*a. Let m(t) = t**3 + t - 8. Let z be m(0). Let y = 16 + z. Calculate the highest common divisor of a and y.
4
Let p(l) = -l**3 + 17*l**2 + 5*l - 11. Let y be p(11). Suppose 6*m - m - y = 0. What is the greatest common factor of 14 and m?
14
Suppose -4*a - 76 + 221 = 5*i, a - i = 25. Calculate the highest common factor of a and 15.
15
Suppose 0*w = -5*w. Suppose 2*t - t - 2 = w. What is the greatest common divisor of t and 14?
2
Let u be ((-30)/9)/(6/(-9)). What is the highest common divisor of 2 and u?
1
Let k(g) = g**2 + 6*g - 6. Let u be k(-8). What is the greatest common factor of 60 and u?
10
Let g be 4/(-6) + (-25)/(-15) + 1. Calculate the greatest common divisor of g and 16.
2
Let d(l) = l + 10. Let q be d(4). What is the greatest common factor of 70 and q?
14
Suppose 30*c - 23*c = 91. Suppose 6*n - 3*n = 78. What is the greatest common factor of n and c?
13
Suppose 0*v - 4*v = -572. What is the highest common factor of v and 13?
13
Suppose 5*z - 230 - 220 = 0. Suppose 0 = 2*d + 3*d - z. Let x be 1 + 0 + d/2. Calculate the highest common factor of x and 10.
10
Suppose 79*d = 84*d - 135. What is the greatest common factor of 9 and d?
9
Let x = -53 + 88. Calculate the highest common divisor of x and 5.
5
Suppose 0*c - 616 = -14*c. Calculate the highest common factor of 110 and c.
22
Let d(r) = -26*r - 86. Let f be d(-5). What is the highest common divisor of 220 and f?
44
Let c(x) = 14*x. Let m be c(1). Let v be 2/m + (-348)/(-14). What is the greatest common factor of 10 and v?
5
Suppose 3*m + 2*m = 80. Let o be 21*(-2 - m/(-6)). Suppose -3*z + 3 = -60. Calculate the highest common divisor of z and o.
7
Let x = 0 + 22. Calculate the greatest common divisor of x and 165.
11
Let d be -6*(4 - 17/2) - 1. What is the highest common divisor of 65 and d?
13
Suppose 0 = -9*i + 6*i + 51. Suppose -n + 15 = -104. Calculate the greatest common factor of n and i.
17
Suppose 2*s - r + 225 = 7*s, 3*r = 0. Let n(q) = -2*q**3 - 4*q**2 + q + 3. Let a be n(-3). Calculate the highest common divisor of a and s.
9
Let o = 271 + -261. Suppose -3*c + 5*u = -4*c, 2*u = -c + 9. What is the highest common divisor of o and c?
5
Let g(f) = -f**3 + 18*f**2 - 24*f + 15. Let t be g(16). What is the greatest common factor of 13 and t?
13
Suppose 3*t - 4*c + 120 = 4*t, 4*t - 375 = 5*c. Suppose -5*o + t = -3*o. Calculate the highest common divisor of 25 and o.
25
Let t(w) = w**3 + 6*w**2 - 2*w - 9. Suppose -5*o + 2*f = -2*o + 16, 0 = -4*o - 4*f - 28. Let m be t(o). What is the highest common divisor of m and 3?
3
Suppose -8*f + 40 = -3*f. Suppose 2*r + 8 = -3*l + 4*l, l = -3*r + f. Let s = 26 + 14. Calculate the greatest common factor of s and l.
8
Let r = 96 + -52. Calculate the greatest common divisor of r and 11.
11
Let o be 14 + ((-9)/3 - -1). What is the greatest common divisor of 36 and o?
12
Let q be (-160)/(-10)*(-18)/(-8). Calculate the highest common divisor of q and 9.
9
Let o(f) = -11*f + 91. Let k be o(6). Calculate the highest common factor of 225 and k.
25
Let h be ((-14)/(-5) + -4)*-60. What is the highest common factor of h and 9?
9
Let x be (-9)/(-36) + 15/4. Suppose 8 = -0*k + 2*k. Suppose -4*m - 90 = -3*z - m, -5*z + k*m = -152. Calculate the greatest common factor of x and z.
4
Let o(w) = 2*w + 13. Let n be o(0). What is the greatest common divisor of 13 and n?
13
Suppose 99 = -l + 4*l. What is the greatest common factor of 3 and l?
3
Let u(q) = -q**3 + 8*q**2 + 2*q + 22. Let o be u(8). What is the highest common divisor of 2 and o?
2
Let f(t) = t**3 + t**2 + 5. Let j be f(0). Suppose -h = 3*h - 8. Suppose -n = -2*z - h, j*z = -3*n + 2*z + 15. Calculate the greatest common divisor of 4 and n.
4
Let n(o) = o**3 - 3 + 2 + 11*o**2 + 9*o - 4. Let s be n(-10). Let u = 42 - 22. Calculate the greatest common divisor of u and s.
5
Let x be (-6)/(-3) - (0 - 0). Suppose -5*y + x*y = -42. What is the greatest common divisor of 70 and y?
14
Suppose -m - 4*m + 285 = 0. Suppose 14 = 2*c - 2*h - 12, -4*c + m = -3*h. Let k = -150 - -162. Calculate the highest common divisor of k and c.
6
Let b = 0 - 11. Let x = 39 + b. Suppose x = 4*p - 0*p. Calculate the highest common factor of p and 1.
1
Let d(h) = -h - 5. Let p be d(-5). Let a be 11 + 1 + p/3. What is the greatest common divisor of 84 and a?
12
Suppose -6*q + 2 = -4*q. Let o(g) = 3*g**2 - 2*g + 1. Let f be o(q). Let d be (1 - f)*(-19 + 3). Calculate the greatest common factor of 16 and d.
16
Let a = -46 + 61. Calculate the greatest common factor of 5 and a.
5
Let j = -116 + 212. Calculate the greatest common factor of 12 and j.
12
Let z(u) = 7*u**2 + 18*u - 5. Let o be z(-5). Calculate the greatest common factor of o and 60.
20
Let r be (-7 - (-2 + -2)) + 8. Let p be (0 - 1)/(1/(-3)). Suppose p*j - 12 = 153. What is the highest common factor of r and j?
5
Let q be (-9)/(-6) - 11/(-22). What is the highest common divisor of q and 6?
2
Let f be (-220)/(-8)*(1/(-5) - -1). Let p = 6 - 3. Suppose -p*i - 2*i = -880. What is the highest common factor of i and f?
22
Suppose -148 = -5*i + 252. Let c = -311 + 327. Calculate the highest common divisor of i and c.
16
Suppose 5*w + y = 9, 2*w + 2*w = 5*y + 13. Let h = -3 + 6. Suppose 0 = h*d - 4 - 2. Calculate the highest common factor of d and w.
2
Let d = 1026 + -595. Suppose z + 20 = -5*b, -b = 2*z - 0*b - 5. Suppose -z*p + d = -449. What is the greatest common divisor of 16 and p?
16
Suppose 2*c + 2*d - 2 = 0, -2*d + 0*d = 6. Let v be c/(-18) + (-2530)/(-45). What is the greatest common factor of v and 8?
8
Suppose 4*q = -5 + 13. Suppose x + q = 2*x. Suppose x*b = -0*b + 24. Calculate the greatest common factor of 84 and b.
12
Let h be (1 - (-10)/4)*4. Let a = -99 + 40. Let s = a + 101. Calculate the greatest common factor of s and h.
14
Let z(m) = 2*m - 9. Let h be z(7). Suppose -f - 4*a = 85, 358 = -h*f + 3*a + 48. Let y = f + 155. What is the greatest common factor of y and 9?
9
Let m be 0 + 16 - (-2 + 4). Let p = -9 - -9. Suppose 70 = -p*t + 2*t. What is the greatest common divisor of t and m?
7
Suppose -5*m = 2*a - 10*m + 4, 3*m + 48 = -3*a. Let y be 105/(-10)*a/9. What is the highest common divisor of 35 and y?
7
Let r = -7 + 13. Let u = 2 - -4. Calculate the highest common divisor of r and u.
6
Let w be (2 + 1)*6/9. Suppose -w*j + 36 = -16. What is the greatest common factor of 26 and j?
26
Suppose 2040 = -6*g + 26*g. What is the highest common factor of g and 68?
34
Let k be -3 - (-4)/(-4) - -33. Calculate the highest common divisor of k and 87.
29
Let u(f) = f**3 - f**2 + 2*f - 3. Let y be u(2). Let l(x) = -10*x + 14. Let o be l(2). Let b be 3*y - (3 + o). What is the greatest common divisor of b and 18?
18
Suppose 4*d + 0*b = 5*b + 30, b + 12 = 2*d. Suppose 3*y - d*y = 786. Let a be (-1)/4 - y/4. Calculate the greatest common factor of 14 and a.
14
Let m = 23 - 9. Suppose -m = -t + 7. What is the greatest common divisor of t and 7?
7
Suppose 95*o + 128 = 99*o. Let t(y) = -47*y**3 + 2*y**2 - 1. Let f be t(-1). What is the greatest common factor of o and f?
16
Suppose 4*x = 5*n - x - 70, 2*n + 3*x = 8. What is the greatest common factor of 70 and n?
10
Let r(n) = -4*n - 3. Let k be r(-2). Suppose 0*z - 200 = -k*z. Let u = -8 - -16. Calculate the highest common factor of u and z.
8
Suppose 0*y = -2*y + 24. What is the greatest common factor of y and 3?
3
Let f be (-1)/(-4) - 191/(-4). Let k(p) = p**2 + 9*p + 2. Let u be k(-10). Calculate